{"id":974,"date":"2024-03-08T20:19:18","date_gmt":"2024-03-08T20:19:18","guid":{"rendered":"https:\/\/smartbmsutility.com\/?page_id=974"},"modified":"2024-03-08T21:58:01","modified_gmt":"2024-03-08T21:58:01","slug":"debugmode","status":"publish","type":"page","link":"https:\/\/smartbmsutility.com\/ger\/debugmode\/","title":{"rendered":"Debugmode"},"content":{"rendered":"<div data-elementor-type=\"wp-page\" data-elementor-id=\"974\" class=\"elementor elementor-974\" data-elementor-post-type=\"page\">\n\t\t\t\t\t\t<section class=\"elementor-section elementor-top-section elementor-element elementor-element-18429fdc elementor-section-boxed elementor-section-height-default elementor-section-height-default\" data-id=\"18429fdc\" data-element_type=\"section\" data-settings=\"{&quot;background_background&quot;:&quot;gradient&quot;}\">\n\t\t\t\t\t\t\t<div class=\"elementor-background-overlay\"><\/div>\n\t\t\t\t\t\t\t<div class=\"elementor-container elementor-column-gap-no\">\n\t\t\t\t\t<div class=\"elementor-column elementor-col-100 elementor-top-column elementor-element elementor-element-525c5d69 elementor-invisible\" data-id=\"525c5d69\" data-element_type=\"column\" data-settings=\"{&quot;animation&quot;:&quot;fadeInUp&quot;}\">\n\t\t\t<div class=\"elementor-widget-wrap elementor-element-populated\">\n\t\t\t\t\t\t<div class=\"elementor-element elementor-element-20ba6916 elementor-widget elementor-widget-heading\" data-id=\"20ba6916\" data-element_type=\"widget\" data-widget_type=\"heading.default\">\n\t\t\t\t<div class=\"elementor-widget-container\">\n\t\t\t<style>\/*! elementor - v3.21.0 - 26-05-2024 *\/\n.elementor-heading-title{padding:0;margin:0;line-height:1}.elementor-widget-heading .elementor-heading-title[class*=elementor-size-]>a{color:inherit;font-size:inherit;line-height:inherit}.elementor-widget-heading .elementor-heading-title.elementor-size-small{font-size:15px}.elementor-widget-heading .elementor-heading-title.elementor-size-medium{font-size:19px}.elementor-widget-heading .elementor-heading-title.elementor-size-large{font-size:29px}.elementor-widget-heading .elementor-heading-title.elementor-size-xl{font-size:39px}.elementor-widget-heading .elementor-heading-title.elementor-size-xxl{font-size:59px}<\/style><h1 class=\"elementor-heading-title elementor-size-default\">Debug-Modus aktivieren<\/h1>\t\t<\/div>\n\t\t\t\t<\/div>\n\t\t\t\t<div class=\"elementor-element elementor-element-4aa6f52f elementor-widget elementor-widget-text-editor\" data-id=\"4aa6f52f\" data-element_type=\"widget\" data-widget_type=\"text-editor.default\">\n\t\t\t\t<div class=\"elementor-widget-container\">\n\t\t\t<style>\/*! elementor - v3.21.0 - 26-05-2024 *\/\n.elementor-widget-text-editor.elementor-drop-cap-view-stacked .elementor-drop-cap{background-color:#69727d;color:#fff}.elementor-widget-text-editor.elementor-drop-cap-view-framed .elementor-drop-cap{color:#69727d;border:3px solid;background-color:transparent}.elementor-widget-text-editor:not(.elementor-drop-cap-view-default) .elementor-drop-cap{margin-top:8px}.elementor-widget-text-editor:not(.elementor-drop-cap-view-default) .elementor-drop-cap-letter{width:1em;height:1em}.elementor-widget-text-editor .elementor-drop-cap{float:left;text-align:center;line-height:1;font-size:50px}.elementor-widget-text-editor .elementor-drop-cap-letter{display:inline-block}<\/style>\t\t\t\t<p>Im Folgenden beschreiben wir, wie Sie den Debugmode in unserer App aktivieren k\u00f6nnen, um uns bei der Analyse jeglicher Art von Problemen zu helfen.<\/p>\t\t\t\t\t\t<\/div>\n\t\t\t\t<\/div>\n\t\t\t\t\t<\/div>\n\t\t<\/div>\n\t\t\t\t\t<\/div>\n\t\t<\/section>\n\t\t\t\t<section class=\"elementor-section elementor-top-section elementor-element elementor-element-26497108 elementor-section-boxed elementor-section-height-default elementor-section-height-default\" data-id=\"26497108\" data-element_type=\"section\">\n\t\t\t\t\t\t<div class=\"elementor-container elementor-column-gap-no\">\n\t\t\t\t\t<div class=\"elementor-column elementor-col-100 elementor-top-column elementor-element elementor-element-4e32dd2b\" data-id=\"4e32dd2b\" data-element_type=\"column\">\n\t\t\t<div class=\"elementor-widget-wrap elementor-element-populated\">\n\t\t\t\t\t\t<section class=\"elementor-section elementor-inner-section elementor-element elementor-element-e5673c4 elementor-section-boxed elementor-section-height-default elementor-section-height-default\" data-id=\"e5673c4\" data-element_type=\"section\">\n\t\t\t\t\t\t<div class=\"elementor-container elementor-column-gap-default\">\n\t\t\t\t\t<div class=\"elementor-column elementor-col-50 elementor-inner-column elementor-element elementor-element-e87c8a2\" data-id=\"e87c8a2\" data-element_type=\"column\">\n\t\t\t<div class=\"elementor-widget-wrap elementor-element-populated\">\n\t\t\t\t\t\t<div class=\"elementor-element elementor-element-cc50df8 elementor-widget__width-initial elementor-widget elementor-widget-text-editor\" data-id=\"cc50df8\" data-element_type=\"widget\" data-widget_type=\"text-editor.default\">\n\t\t\t\t<div class=\"elementor-widget-container\">\n\t\t\t\t\t\t\t<ul>\n<li>\u00d6ffnen Sie unsere App und gehen Sie zu den App-Einstellungen in der oberen rechten Ecke.<\/li>\n<li>Doppeltippen Sie auf den Titel Einstellungen am oberen Bildschirmrand.<\/li>\n<li>Danach sollte am unteren Rand des Bildschirms ein neuer Abschnitt namens \"Debugmode\" freigeschaltet werden.<\/li>\n<li>Schalten Sie den Schalter ein.<\/li>\n<li>Gehen Sie nun zur\u00fcck zum Hauptbildschirm, auf dem alle Ger\u00e4te aufgelistet sind.<\/li>\n<li>Sie k\u00f6nnen nun eine Verbindung zu Ihrem Ger\u00e4t herstellen.<\/li>\n<li>Alles, was Sie nach dem Einschalten des Schalters tun, wird in die Protokolldatei geschrieben.<\/li>\n<li>F\u00fchren Sie die Aktion durch, die Ihr Problem verursacht und zu der wir Informationen und Fehler sammeln m\u00fcssen.<\/li>\n<\/ul>\t\t\t\t\t\t<\/div>\n\t\t\t\t<\/div>\n\t\t\t\t\t<\/div>\n\t\t<\/div>\n\t\t\t\t<div class=\"elementor-column elementor-col-50 elementor-inner-column elementor-element elementor-element-61a4c94\" data-id=\"61a4c94\" data-element_type=\"column\">\n\t\t\t<div class=\"elementor-widget-wrap elementor-element-populated\">\n\t\t\t\t\t\t<div class=\"elementor-element elementor-element-f5cfb2d elementor-widget elementor-widget-image\" data-id=\"f5cfb2d\" data-element_type=\"widget\" data-widget_type=\"image.default\">\n\t\t\t\t<div class=\"elementor-widget-container\">\n\t\t\t<style>\/*! elementor - v3.21.0 - 26-05-2024 *\/\n.elementor-widget-image{text-align:center}.elementor-widget-image a{display:inline-block}.elementor-widget-image a img[src$=\".svg\"]{width:48px}.elementor-widget-image img{vertical-align:middle;display:inline-block}<\/style>\t\t\t\t\t\t\t\t\t\t<img decoding=\"async\" src=\"https:\/\/smartbmsutility.com\/wp-content\/uploads\/2024\/03\/Screenshot_1709933126.png\" title=\"\" alt=\"\" loading=\"lazy\" \/>\t\t\t\t\t\t\t\t\t\t\t\t\t<\/div>\n\t\t\t\t<\/div>\n\t\t\t\t\t<\/div>\n\t\t<\/div>\n\t\t\t\t\t<\/div>\n\t\t<\/section>\n\t\t\t\t<section class=\"elementor-section elementor-inner-section elementor-element elementor-element-1d5e4ee elementor-section-boxed elementor-section-height-default elementor-section-height-default\" data-id=\"1d5e4ee\" data-element_type=\"section\">\n\t\t\t\t\t\t<div class=\"elementor-container elementor-column-gap-default\">\n\t\t\t\t\t<div class=\"elementor-column elementor-col-50 elementor-inner-column elementor-element elementor-element-10c35bd\" data-id=\"10c35bd\" data-element_type=\"column\">\n\t\t\t<div class=\"elementor-widget-wrap elementor-element-populated\">\n\t\t\t\t\t\t<div class=\"elementor-element elementor-element-2b8973d elementor-widget elementor-widget-image\" data-id=\"2b8973d\" data-element_type=\"widget\" data-widget_type=\"image.default\">\n\t\t\t\t<div class=\"elementor-widget-container\">\n\t\t\t\t\t\t\t\t\t\t\t\t\t<img decoding=\"async\" src=\"https:\/\/smartbmsutility.com\/wp-content\/uploads\/2024\/03\/Screenshot_1709933975-e1709934746719.png\" title=\"\" alt=\"\" loading=\"lazy\" \/>\t\t\t\t\t\t\t\t\t\t\t\t\t<\/div>\n\t\t\t\t<\/div>\n\t\t\t\t\t<\/div>\n\t\t<\/div>\n\t\t\t\t<div class=\"elementor-column elementor-col-50 elementor-inner-column elementor-element elementor-element-4652783\" data-id=\"4652783\" data-element_type=\"column\">\n\t\t\t<div class=\"elementor-widget-wrap elementor-element-populated\">\n\t\t\t\t\t\t<div class=\"elementor-element elementor-element-b9561e9 elementor-widget elementor-widget-text-editor\" data-id=\"b9561e9\" data-element_type=\"widget\" data-widget_type=\"text-editor.default\">\n\t\t\t\t<div class=\"elementor-widget-container\">\n\t\t\t\t\t\t\t<ul><li>Nachdem alle erforderlichen Daten erfasst wurden, k\u00f6nnen Sie zum Einstellungsbildschirm zur\u00fcckkehren.<\/li><li>Die Schaltfl\u00e4che \"Export Log\" im Debug-Bereich sollte nun aktiviert sein und Sie k\u00f6nnen darauf klicken.<\/li><li>Es \u00f6ffnet sich ein Dialogfeld, in dem Sie einen Speicherort f\u00fcr die Protokolldatei ausw\u00e4hlen oder sie direkt per E-Mail an uns senden k\u00f6nnen.<\/li><\/ul>\t\t\t\t\t\t<\/div>\n\t\t\t\t<\/div>\n\t\t\t\t\t<\/div>\n\t\t<\/div>\n\t\t\t\t\t<\/div>\n\t\t<\/section>\n\t\t\t\t\t<\/div>\n\t\t<\/div>\n\t\t\t\t\t<\/div>\n\t\t<\/section>\n\t\t\t\t<\/div>","protected":false},"excerpt":{"rendered":"<p>Activate Debug Mode In the following we describe how you can activate the debugmode in our app to help us analysing any kind of issue. Open our App and go to app settings in the top right corner. Doubletap on the settings title at the top of the screen. After this at the bottom of [&hellip;]<\/p>","protected":false},"author":1,"featured_media":0,"parent":0,"menu_order":0,"comment_status":"closed","ping_status":"closed","template":"elementor_header_footer","meta":{"footnotes":""},"class_list":["post-974","page","type-page","status-publish","hentry"],"yoast_head":"<!-- This site is optimized with the Yoast SEO plugin v25.5 - https:\/\/yoast.com\/wordpress\/plugins\/seo\/ -->\n<title>Debugmode - SmartBmsUtility<\/title>\n<meta name=\"robots\" content=\"index, follow, max-snippet:-1, max-image-preview:large, max-video-preview:-1\" \/>\n<link rel=\"canonical\" href=\"https:\/\/smartbmsutility.com\/ger\/debugmode\/\" \/>\n<meta property=\"og:locale\" content=\"de_DE\" \/>\n<meta property=\"og:type\" content=\"article\" \/>\n<meta property=\"og:title\" content=\"Debugmode - SmartBmsUtility\" \/>\n<meta property=\"og:description\" content=\"Activate Debug Mode In the following we describe how you can activate the debugmode in our app to help us analysing any kind of issue. Open our App and go to app settings in the top right corner. Doubletap on the settings title at the top of the screen. After this at the bottom of [&hellip;]\" \/>\n<meta property=\"og:url\" content=\"https:\/\/smartbmsutility.com\/ger\/debugmode\/\" \/>\n<meta property=\"og:site_name\" content=\"SmartBmsUtility\" \/>\n<meta property=\"article:modified_time\" content=\"2024-03-08T21:58:01+00:00\" \/>\n<meta property=\"og:image\" content=\"https:\/\/smartbmsutility.com\/wp-content\/uploads\/elementor\/thumbs\/Screenshot_1709932999-qkxehg5q1iq1et978h6jjhlwupsl68hjsctlhekphc.png\" \/>\n<meta name=\"twitter:card\" content=\"summary_large_image\" \/>\n<meta name=\"twitter:label1\" content=\"Gesch\u00e4tzte Lesezeit\" \/>\n\t<meta name=\"twitter:data1\" content=\"2\u00a0Minuten\" \/>\n<script type=\"application\/ld+json\" class=\"yoast-schema-graph\">{\"@context\":\"https:\/\/schema.org\",\"@graph\":[{\"@type\":\"WebPage\",\"@id\":\"https:\/\/smartbmsutility.com\/debugmode\/\",\"url\":\"https:\/\/smartbmsutility.com\/debugmode\/\",\"name\":\"Debugmode - SmartBmsUtility\",\"isPartOf\":{\"@id\":\"https:\/\/smartbmsutility.com\/#website\"},\"primaryImageOfPage\":{\"@id\":\"https:\/\/smartbmsutility.com\/debugmode\/#primaryimage\"},\"image\":{\"@id\":\"https:\/\/smartbmsutility.com\/debugmode\/#primaryimage\"},\"thumbnailUrl\":\"https:\/\/smartbmsutility.com\/wp-content\/uploads\/elementor\/thumbs\/Screenshot_1709932999-qkxehg5q1iq1et978h6jjhlwupsl68hjsctlhekphc.png\",\"datePublished\":\"2024-03-08T20:19:18+00:00\",\"dateModified\":\"2024-03-08T21:58:01+00:00\",\"breadcrumb\":{\"@id\":\"https:\/\/smartbmsutility.com\/debugmode\/#breadcrumb\"},\"inLanguage\":\"de\",\"potentialAction\":[{\"@type\":\"ReadAction\",\"target\":[\"https:\/\/smartbmsutility.com\/debugmode\/\"]}]},{\"@type\":\"ImageObject\",\"inLanguage\":\"de\",\"@id\":\"https:\/\/smartbmsutility.com\/debugmode\/#primaryimage\",\"url\":\"https:\/\/smartbmsutility.com\/wp-content\/uploads\/elementor\/thumbs\/Screenshot_1709932999-qkxehg5q1iq1et978h6jjhlwupsl68hjsctlhekphc.png\",\"contentUrl\":\"https:\/\/smartbmsutility.com\/wp-content\/uploads\/elementor\/thumbs\/Screenshot_1709932999-qkxehg5q1iq1et978h6jjhlwupsl68hjsctlhekphc.png\"},{\"@type\":\"BreadcrumbList\",\"@id\":\"https:\/\/smartbmsutility.com\/debugmode\/#breadcrumb\",\"itemListElement\":[{\"@type\":\"ListItem\",\"position\":1,\"name\":\"Home\",\"item\":\"https:\/\/smartbmsutility.com\/\"},{\"@type\":\"ListItem\",\"position\":2,\"name\":\"Debugmode\"}]},{\"@type\":\"WebSite\",\"@id\":\"https:\/\/smartbmsutility.com\/#website\",\"url\":\"https:\/\/smartbmsutility.com\/\",\"name\":\"SmartBms Utility\",\"description\":\"Battery Management\",\"publisher\":{\"@id\":\"https:\/\/smartbmsutility.com\/#organization\"},\"potentialAction\":[{\"@type\":\"SearchAction\",\"target\":{\"@type\":\"EntryPoint\",\"urlTemplate\":\"https:\/\/smartbmsutility.com\/?s={search_term_string}\"},\"query-input\":{\"@type\":\"PropertyValueSpecification\",\"valueRequired\":true,\"valueName\":\"search_term_string\"}}],\"inLanguage\":\"de\"},{\"@type\":\"Organization\",\"@id\":\"https:\/\/smartbmsutility.com\/#organization\",\"name\":\"SmartBms Utility\",\"url\":\"https:\/\/smartbmsutility.com\/\",\"logo\":{\"@type\":\"ImageObject\",\"inLanguage\":\"de\",\"@id\":\"https:\/\/smartbmsutility.com\/#\/schema\/logo\/image\/\",\"url\":\"https:\/\/smartbmsutility.com\/wp-content\/uploads\/2023\/07\/logotrans-e1690204580168.png\",\"contentUrl\":\"https:\/\/smartbmsutility.com\/wp-content\/uploads\/2023\/07\/logotrans-e1690204580168.png\",\"width\":1000,\"height\":1000,\"caption\":\"SmartBms Utility\"},\"image\":{\"@id\":\"https:\/\/smartbmsutility.com\/#\/schema\/logo\/image\/\"}}]}<\/script>\n<!-- \/ Yoast SEO plugin. -->","yoast_head_json":{"title":"Debugmode - SmartBmsUtility","robots":{"index":"index","follow":"follow","max-snippet":"max-snippet:-1","max-image-preview":"max-image-preview:large","max-video-preview":"max-video-preview:-1"},"canonical":"https:\/\/smartbmsutility.com\/ger\/debugmode\/","og_locale":"de_DE","og_type":"article","og_title":"Debugmode - SmartBmsUtility","og_description":"Activate Debug Mode In the following we describe how you can activate the debugmode in our app to help us analysing any kind of issue. Open our App and go to app settings in the top right corner. Doubletap on the settings title at the top of the screen. After this at the bottom of [&hellip;]","og_url":"https:\/\/smartbmsutility.com\/ger\/debugmode\/","og_site_name":"SmartBmsUtility","article_modified_time":"2024-03-08T21:58:01+00:00","og_image":[{"url":"https:\/\/smartbmsutility.com\/wp-content\/uploads\/elementor\/thumbs\/Screenshot_1709932999-qkxehg5q1iq1et978h6jjhlwupsl68hjsctlhekphc.png","type":"","width":"","height":""}],"twitter_card":"summary_large_image","twitter_misc":{"Gesch\u00e4tzte Lesezeit":"2\u00a0Minuten"},"schema":{"@context":"https:\/\/schema.org","@graph":[{"@type":"WebPage","@id":"https:\/\/smartbmsutility.com\/debugmode\/","url":"https:\/\/smartbmsutility.com\/debugmode\/","name":"Debugmode - SmartBmsUtility","isPartOf":{"@id":"https:\/\/smartbmsutility.com\/#website"},"primaryImageOfPage":{"@id":"https:\/\/smartbmsutility.com\/debugmode\/#primaryimage"},"image":{"@id":"https:\/\/smartbmsutility.com\/debugmode\/#primaryimage"},"thumbnailUrl":"https:\/\/smartbmsutility.com\/wp-content\/uploads\/elementor\/thumbs\/Screenshot_1709932999-qkxehg5q1iq1et978h6jjhlwupsl68hjsctlhekphc.png","datePublished":"2024-03-08T20:19:18+00:00","dateModified":"2024-03-08T21:58:01+00:00","breadcrumb":{"@id":"https:\/\/smartbmsutility.com\/debugmode\/#breadcrumb"},"inLanguage":"de","potentialAction":[{"@type":"ReadAction","target":["https:\/\/smartbmsutility.com\/debugmode\/"]}]},{"@type":"ImageObject","inLanguage":"de","@id":"https:\/\/smartbmsutility.com\/debugmode\/#primaryimage","url":"https:\/\/smartbmsutility.com\/wp-content\/uploads\/elementor\/thumbs\/Screenshot_1709932999-qkxehg5q1iq1et978h6jjhlwupsl68hjsctlhekphc.png","contentUrl":"https:\/\/smartbmsutility.com\/wp-content\/uploads\/elementor\/thumbs\/Screenshot_1709932999-qkxehg5q1iq1et978h6jjhlwupsl68hjsctlhekphc.png"},{"@type":"BreadcrumbList","@id":"https:\/\/smartbmsutility.com\/debugmode\/#breadcrumb","itemListElement":[{"@type":"ListItem","position":1,"name":"Home","item":"https:\/\/smartbmsutility.com\/"},{"@type":"ListItem","position":2,"name":"Debugmode"}]},{"@type":"WebSite","@id":"https:\/\/smartbmsutility.com\/#website","url":"https:\/\/smartbmsutility.com\/","name":"SmartBms Utility","description":"Battery Management","publisher":{"@id":"https:\/\/smartbmsutility.com\/#organization"},"potentialAction":[{"@type":"SearchAction","target":{"@type":"EntryPoint","urlTemplate":"https:\/\/smartbmsutility.com\/?s={search_term_string}"},"query-input":{"@type":"PropertyValueSpecification","valueRequired":true,"valueName":"search_term_string"}}],"inLanguage":"de"},{"@type":"Organization","@id":"https:\/\/smartbmsutility.com\/#organization","name":"SmartBms Utility","url":"https:\/\/smartbmsutility.com\/","logo":{"@type":"ImageObject","inLanguage":"de","@id":"https:\/\/smartbmsutility.com\/#\/schema\/logo\/image\/","url":"https:\/\/smartbmsutility.com\/wp-content\/uploads\/2023\/07\/logotrans-e1690204580168.png","contentUrl":"https:\/\/smartbmsutility.com\/wp-content\/uploads\/2023\/07\/logotrans-e1690204580168.png","width":1000,"height":1000,"caption":"SmartBms Utility"},"image":{"@id":"https:\/\/smartbmsutility.com\/#\/schema\/logo\/image\/"}}]}},"_links":{"self":[{"href":"https:\/\/smartbmsutility.com\/ger\/wp-json\/wp\/v2\/pages\/974","targetHints":{"allow":["GET"]}}],"collection":[{"href":"https:\/\/smartbmsutility.com\/ger\/wp-json\/wp\/v2\/pages"}],"about":[{"href":"https:\/\/smartbmsutility.com\/ger\/wp-json\/wp\/v2\/types\/page"}],"author":[{"embeddable":true,"href":"https:\/\/smartbmsutility.com\/ger\/wp-json\/wp\/v2\/users\/1"}],"replies":[{"embeddable":true,"href":"https:\/\/smartbmsutility.com\/ger\/wp-json\/wp\/v2\/comments?post=974"}],"version-history":[{"count":24,"href":"https:\/\/smartbmsutility.com\/ger\/wp-json\/wp\/v2\/pages\/974\/revisions"}],"predecessor-version":[{"id":1005,"href":"https:\/\/smartbmsutility.com\/ger\/wp-json\/wp\/v2\/pages\/974\/revisions\/1005"}],"wp:attachment":[{"href":"https:\/\/smartbmsutility.com\/ger\/wp-json\/wp\/v2\/media?parent=974"}],"curies":[{"name":"wp","href":"https:\/\/api.w.org\/{rel}","templated":true}]}}